(7). What is the highest common factor of 4 and w?
2
Let o = 6 - -5. What is the greatest common divisor of 77 and o?
11
Let w = 77 + -54. What is the highest common factor of w and 23?
23
Let t be 2/8 - 33/(-12). Suppose 5 = p + t. Suppose 3*r + 17 = 2*a, 0 = 3*r + p + 1. Calculate the greatest common factor of 42 and a.
7
Let l = 236 + -153. Let t = -27 + l. Calculate the greatest common divisor of t and 14.
14
Suppose -36 = k + 2*k. Let s be (10 + -11)*(1 + 1). Let v be (-2)/(s - 22/k). Calculate the greatest common divisor of 108 and v.
12
Let i = -2 + 3. Let f(r) = r + 2. Let y be f(0). Let a be (y + -24)/(-1 - i). What is the highest common factor of a and 44?
11
Let j = -131 - -146. Calculate the greatest common factor of j and 5.
5
Suppose -284 + 104 = -6*k. Calculate the greatest common factor of k and 30.
30
Let q(v) = -27*v - 4. Let k be q(-3). Let y = 154 + k. Suppose -2*r = r - y. What is the highest common divisor of r and 11?
11
Suppose -2*d - 4 = 4. Let j = d + 9. Suppose -5*u + 435 = j*a, -3*u = -2*a - 20 - 246. Calculate the highest common divisor of u and 11.
11
Suppose 0 = -4*m + m + 6. Suppose -m*d + 39 = 5*p, -p + 4*d + 16 = -5. Calculate the highest common factor of p and 6.
3
Suppose 2*c + 2*u = 26, 3*c + 55 = 7*c + u. What is the greatest common factor of 35 and c?
7
Let y = -12 + 17. Suppose -l - x - 3 = -0*l, -y*x = l + 19. Let q be 2/3*(-9)/(-6). What is the highest common divisor of l and q?
1
Suppose -4*w + 4 = -8. Calculate the highest common factor of 2 and w.
1
Let x = -2 + 46. Calculate the highest common factor of 22 and x.
22
Suppose 8 - 26 = -2*y. What is the greatest common divisor of y and 63?
9
Suppose 0*m - m = -26. Let l(x) = x**3 - 9*x**2 + 10*x + 6. Let q be l(8). Let w = q + 17. What is the highest common divisor of w and m?
13
Let n(y) = -y**3 + 5*y**2 + 7*y + 5. Let l be n(5). Calculate the greatest common factor of 20 and l.
20
Suppose 0 = -5*a + 47 + 163. What is the greatest common factor of 21 and a?
21
Suppose -4*n = -w + 237, -w + n - 3*n + 261 = 0. Calculate the highest common factor of w and 23.
23
Let u = -26 + 28. Let i be 3/(-9)*-3 - -1. What is the highest common divisor of i and u?
2
Suppose -5*n - 47 = -4*z, 2*z + 5*n - 17 = -2*z. What is the highest common divisor of z and 88?
8
Let o = 100 - 68. Calculate the highest common factor of 16 and o.
16
Let n(w) = -2*w**3 - w**2 + 4*w + 3. Let d be n(-2). Let h be 169/26 - (10/4)/(-5). Calculate the highest common divisor of d and h.
7
Let t be (3 + 0)/3*4. Suppose t*d = 3*a - 72, -2*a = 3*a + d - 120. Calculate the greatest common divisor of a and 4.
4
Let s(y) = y**2 - 9*y + 1. Let r be s(9). Let i = 5 + -3. Let n be -2 - (-1*i - 2). Calculate the greatest common factor of r and n.
1
Suppose -35 = -3*x + 19. Calculate the greatest common factor of 24 and x.
6
Suppose -3*b + 4*p = -5*b + 14, 0 = 3*b + p - 41. Let h be (-46)/(-10) - (-4)/10. Calculate the greatest common factor of b and h.
5
Suppose q + 3*g - 1 = 3*q, -5*g = -3*q - 4. Let l = 7 + q. Calculate the highest common factor of l and 140.
14
Suppose 0 = -5*g + 3*g + 450. What is the highest common divisor of g and 25?
25
Suppose r + 5*t = 54, -77 = 5*r - 3*t - 235. What is the greatest common divisor of 306 and r?
34
Suppose -25 = -5*p - 0*p. Let h = -4 + p. What is the greatest common factor of 8 and h?
1
Suppose 0 = w + 4*j - 13, -w = 2*w - 2*j - 39. Let u be (-65)/4 + (-1)/(-4). Let r = u + 29. What is the greatest common factor of r and w?
13
Let b be (52*2/12)/(2/3). Calculate the greatest common divisor of 26 and b.
13
Suppose 7*q - 6*q - 40 = 0. Calculate the highest common divisor of q and 10.
10
Let v(l) = -30*l + 3. Let w be v(-3). Suppose 3*d - 78 = w. What is the highest common divisor of 38 and d?
19
Suppose -5*g + 347 = -153. Let v(f) = f + 2. Let u be v(-2). Suppose -t + 34 = 2*h - u, 3*t + h = 117. Calculate the highest common factor of t and g.
20
Suppose -2*k - 3 = 2*d - 25, 0 = 5*d - 20. Let g(t) = -t + 7. Let l be g(0). Calculate the highest common factor of k and l.
7
Let j = -4 - 2. Let u(q) be the second derivative of -q**4/12 - 7*q**3/6 + 4*q**2 - 2*q. Let l be u(j). Calculate the greatest common factor of l and 98.
14
Suppose 13*s - 121 = 48. What is the greatest common factor of s and 78?
13
Let v = -12 - -24. Let k = -18 + 12. Let y be 126*(0 + (-4)/k). What is the highest common divisor of v and y?
12
Let w = -76 + 246. What is the highest common factor of 10 and w?
10
Let p(g) = -13*g - 3. Let x be p(-2). Let k(s) = -s**2 - 12*s + 3. Let f be k(-10). Calculate the greatest common factor of f and x.
23
Let t be 56 - -4 - 2*-1. Let g = t + -44. Suppose 0 = l - 3*l + g. Calculate the highest common factor of l and 1.
1
Suppose -18 = -8*x + 22. What is the greatest common divisor of x and 50?
5
Let d be ((-9)/(-3) - 2) + 6. What is the highest common divisor of d and 7?
7
Let u(y) = -32*y - 17. Let v be u(-5). What is the greatest common factor of 13 and v?
13
Let v be 122/3*(-6)/(-4). Suppose -4*o + c + v = 0, o - 3*c - 14 = 15. What is the greatest common divisor of o and 126?
14
Let n(x) = -x**3 + 8*x**2 - 2*x + 25. Let k be n(8). Calculate the highest common factor of 18 and k.
9
Suppose -4*k = 32 + 32. Let x = -3 - k. Calculate the greatest common factor of 26 and x.
13
Let o be 5/2*(-44)/(-55). Suppose -5*z = 2*t - 48 - 48, t = o*z - 42. What is the highest common factor of z and 180?
20
Suppose y + 0 = -1. Let u be (18 - y) + -1 + -1. What is the greatest common divisor of 85 and u?
17
Let s(l) = -l**2 - 4*l + 1. Let k be s(-5). Let p be 3/12 + (-7)/k. Suppose p*w = -0 + 10. What is the highest common factor of w and 10?
5
Let q = -50 - -62. What is the highest common factor of q and 4?
4
Suppose 0 = r + 4, 4*n + 4*r - 20 = r. Calculate the greatest common factor of 4 and n.
4
Let r be 28/3*(-21)/(-14). Calculate the greatest common factor of r and 14.
14
Suppose 0 = -3*v + 2*v - 2*o + 9, 5*v = 2*o + 33. Let k(n) = n - 4. Let g be k(v). Let r be -6*g/(-15)*15. What is the greatest common factor of 9 and r?
9
Suppose 0*t - t = 2*f - 103, 5*f - 260 = -2*t. What is the highest common divisor of 36 and f?
18
Let q be 534/4 + (-1)/2. Let r(t) = -t**3 - t**2 + 2*t - 1. Let g be r(-2). Let s be 0 + -1*19/g. Calculate the greatest common factor of q and s.
19
Suppose -3*v = 5*d + 5, -13 = 4*d + 3. Suppose -45 + 300 = v*m. Let c = 114 - m. Calculate the greatest common factor of 7 and c.
7
Let b be 2/8 - 71/(-4). What is the highest common divisor of b and 54?
18
Suppose 12 = 3*d + d. What is the highest common factor of d and 12?
3
Suppose -4*c + 8 + 36 = 4*i, 0 = -3*c - 2*i + 29. Suppose -2*m - 3*m = -280. What is the greatest common divisor of m and c?
7
Let f be 52/8 - (-2)/(-4). Calculate the highest common divisor of 42 and f.
6
Suppose -4*x + 3*w = -192, 0*x - 147 = -3*x + 3*w. Calculate the highest common factor of 9 and x.
9
Let v(m) = m**3 - 6*m**2 - 6*m - 3. Let t be v(7). Suppose -2*a = -8, -5*i = t*a - 3*a - 54. What is the highest common factor of i and 40?
10
Suppose -3*l - 3*x + 7 = 2*x, -16 = 4*x. Calculate the greatest common factor of 36 and l.
9
Let n be ((-96)/(-3))/4 + 1. What is the highest common factor of 6 and n?
3
Let w = 25 + -10. Let y be 12/(-5)*(-425)/34. What is the highest common factor of y and w?
15
Let r(z) = -z + 16. Let l be r(8). Let d be (l/10)/(8/80). What is the highest common divisor of 24 and d?
8
Let k(j) = -j + 2 + 2 - 6*j**2 + 4*j**2. Let w be k(3). Let f = -11 - w. Calculate the greatest common divisor of 18 and f.
6
Suppose 5 = -b + 19. What is the highest common factor of 35 and b?
7
Let c = -35 - -23. Let m = 75 - c. Suppose 6*r - 303 = 2*r - 5*l, -5*l = r - m. What is the highest common factor of 9 and r?
9
Let u be (-2 - 16)*(-88)/12. Suppose -3*s + 8*s - 60 = 0. What is the greatest common factor of u and s?
12
Suppose 3*a - 2*a = 0. Let d be 43/3 + 2/3. Let n = a + d. Calculate the highest common factor of n and 165.
15
Suppose -3*h = -4*k - 76, 2*k + 69 = -4*h + 207. Suppose -3*y = -5*y + 32. What is the highest common factor of h and y?
16
Suppose 290 = 4*h - 5*b, 0 = h + 3*b - b - 66. Calculate the highest common divisor of 14 and h.
14
Suppose 5*f = u - 5, 6 = u + f + 1. Suppose -u*c - 2 = -77